 of -102 - (-26 + -32) - (-8 + 1)?
-37
What is the value of 10 - (4 + -1 + 1) - (-23 - -25)?
4
Calculate (-19 + 12 - ((2 - 2) + -2)) + -5.
-10
(-7 - -2 - 1 - 0) + -2 + -12
-20
Evaluate -25 + (50 - 22) + (1 - -4) - -4.
12
What is -248 + 245 + (-2 - 28)?
-33
What is the value of (9 - (8 - 10)) + -10 + 8?
9
What is -1 + 19 + -25 + -7?
-14
What is the value of -11 + (-3 - (-19 + 6))?
-1
What is the value of -4 + 6 + -433 + 449?
18
Calculate (-20 - -52 - 18) + 16.
30
What is the value of 16 + -27 + 23 + -22?
-10
Evaluate (61 + -4 - (44 + -32)) + -16.
29
Calculate -1 + -5 + -12 - (-62 - -24).
20
What is (-16 - 5) + 27 - (-2 + 20)?
-12
What is the value of (-16 - -2 - 3) + 7 - 7?
-17
Calculate 0 + -3 + (8 - (4 - 8)) + -3.
6
What is the value of -3 - (9 - 9) - (16 + 4)?
-23
Evaluate 22 + -2 + -29 + 14.
5
What is the value of 39 + ((-1 - -8) + (-12 - 0) - 1)?
33
Calculate -3 + (-6 - -15) - (0 + -4 + 12).
-2
(16 - (3 + 9)) + -19
-15
9 - (13 - (3 + 13 - -5))
17
(-3 - (-5 + 6)) + 3 + 1 + -4
-4
Calculate -3 - (-3 + (27 + -10 - (0 - -7))).
-10
10 + -3 + (3 - 1 - -10 - 9)
10
What is 3 - -1 - (85 + -75) - -6?
0
What is the value of 2 + 1 + 0 + (23 - 4 - 6)?
16
Evaluate 14 - (4 - -1 - -3).
6
(-2 - 2) + (-8 - -1)
-11
Evaluate 45 + -36 + -18 + 1 + 1.
-7
Calculate -28 + 42 - -25 - 7.
32
What is -10 - -16 - (29 - 24)?
1
What is (-10 - (-3 + 2 + -4)) + 3?
-2
Calculate (14 - 7 - (2 - 4)) + (-4 - 2).
3
3 + -2 - 1 - (26 + -49 - -22)
1
What is 1 + -13 + (396 - 413)?
-29
What is -14 + (-4 - (58 + -43))?
-33
What is the value of 9 - (-15 - (-5 - (-8 + 8)) - -4)?
15
What is -58 - -65 - ((8 - 1) + 0 + 1)?
-1
What is the value of 11 + (2 - 0 - 1 - (-3 + 9))?
6
Calculate 13 + ((0 + -1 - 4) + -1 - 0).
7
Evaluate (-5 - 1 - -7) + (-17 - -3).
-13
Evaluate (2 - (6 + 9 + -24)) + -20.
-9
What is -2 - (19 + -8 + -2)?
-11
What is -2 + (18 + -10 - 13 - -9)?
2
What is 11 + -14 + 7 + -4 + -1?
-1
(-7 - (-2 + -3)) + (8 - -10)
16
Calculate 5 - ((-3 + -5 - -16) + 9).
-12
Calculate 14 - ((3 - 6) + 20).
-3
(4 - (3 - (1 + 6))) + -14 + 30
24
3 - (-13 + 5 - -15 - (-3 - -20))
13
What is 6 + 10 + 0 + 0?
16
Calculate 0 + 4 + 6 + -5 + -3.
2
What is the value of 0 + (4 + -7 - -8) + 4?
9
Evaluate -17 - -10 - (-14 - (2 + -1)).
8
23 - (8 - 6 - -31)
-10
Calculate -17 - (12 + 5) - -20.
-14
What is the value of 4 - -5 - (51 - 56)?
14
Calculate 8 - 7 - 11 - -23.
13
What is the value of 6 + -21 - -6 - (-1 - 24)?
16
What is -36 + -6 + (-14 - -7) + 4 + 19?
-26
What is (-8 - -3) + (-19 - (-57 + 23))?
10
Evaluate (-16 - (-3 - 8)) + -2 + -21 + 3.
-25
-11 - (-25 + 1 + 1)
12
What is 5 - ((25 - (-16 + 26)) + -3)?
-7
Evaluate 18 - (35 + -23) - (6 - -1).
-1
Calculate 2 + (0 - 0) + 3 - (1 - 2).
6
Calculate 8 + (14 - 19 - 11).
-8
2 - (72 + (9 - 41))
-38
What is the value of (417 - 444) + 8 + 4?
-15
What is 3 + 1 - 3 - (139 - 124)?
-14
What is -5 - 1 - (-25 + 9 + 6)?
4
9 - -5 - (26 - 10)
-2
7 + (20 - (11 + 11))
5
Calculate -11 - (-6 + 6) - -5.
-6
(-9 + 5 - (-2 - 1)) + (8 - 7)
0
What is -42 + 19 + -17 + 3 + 8?
-29
Calculate (-7 - -23) + 1 + -4 + -28 + 29.
14
-4 - (-1 + -1 + 33 + -27)
-8
What is 6 - (-7 + -7 + 8 + 11)?
1
(2 - -5) + (8 - (6 - -8)) + 0
1
What is -1 + -5 + -7 + 8 + (0 - 0)?
-5
Evaluate (-2 - (12 + -24)) + (-5 - 4).
1
(-2 + 2 - 10) + (2 - (26 + -21))
-13
5 + (-9 - -5) + 9 - -3
13
Calculate 20 + (-17 - -20 - 6 - -16).
33
What is 11 + 15 + -2 + -31?
-7
What is 3 - 0 - (6 + -9 + 2 + -9)?
13
What is the value of -28 + 41 - 54 - -49?
8
Evaluate 8 - (7 + -6 - -6).
1
23 - (22 - 7) - -8
16
What is the value of (-21 - (29 + -27)) + 4?
-19
Calculate (-13 + -21 - -3) + 27.
-4
Calculate 24 - (-8 - -5 - 4 - (22 - 26)).
27
What is the value of 8 + (-13 + (-3 - -8) - -4) + -1?
3
Calculate -36 + (-49 + 17 - -84).
16
Evaluate (-61 - -59) + (17 - 3).
12
Calculate 1 + 2 - (-87 + 89).
1
What is the value of (-8 - (6 - 11)) + 12 - -6?
15
What is -18 + 8 - (-2 - 9)?
1
Calculate (8 - (8 + -1)) + -7 + (-1 - -1).
-6
-3 + (1 - -6) + (-58 - -55) + -16
-15
What is the value of 3 + 14 + -10 + 2?
9
What is the value of -13 + (5 + (-10 - -4) + 5 - 5)?
-14
What is 15 - ((-3 - -11) + -4 + (-10 - -8))?
13
(-92 - -93) + (-9 - (-2 + 0))
-6
8 - -2 - (-2 + (7 - 8) - -1)
12
Calculate (1 + 6 - -1) + -7.
1
Calculate -35 + 1 - (109 + -138).
-5
What is 6 - ((-6 - 5) + 5 - -10) - 42?
-40
Evaluate -6 + (3 - 9) + 9 + -6.
-9
What is 12 - (21 - -1 - (-71 + 58))?
-23
What is 14 + -1 + -39 - -51?
25
What is the value of 2 + -8 - -16 - 4?
6
Evaluate 3 - 7 - (6 - (5 - (8 - 7))).
-6
Evaluate 4 + (-5 + 1 - 3) + 5 - 6.
-4
Evaluate 2 + 21 + (17 - 25).
15
(36 - 1) + (-31 - (-17 + -7))
28
Evaluate -8 + 2 + -13 - -9 - 9.
-19
Calculate 9 + -28 + (-12 - -29).
-2
What is the value of -9 + -3 + (8 - (16 - 28))?
8
What is -1 + (-5 - 0) - (-63 + 52)?
5
What is (-7 + (21 - 8) - 0) + (7 - 0)?
13
Evaluate -17 - (21 + -7 + -12 + 6).
-25
Calculate -14 + (-3 + 16 - 11) + (2 - 2).
-12
What is the value of (21 - 37 - -18) + -15?
-13
Calculate -2 + (0 - (11 - 7)) + -17.
-23
What is the value of -9 + (-9 - -22 - 3) + 0?
1
What is -17 - ((17 - 58) + 31)?
-7
What is (0 - (6 - (17 + 10))) + -9?
12
Calculate 3 + (49 - 83 - (-6 + -2 + 2)).
-25
-9 + 8 + 18 + -12
5
What is (3 - 4 - -9 - (39 + -21)) + 14?
4
What is -1 + -3 - (165 - 153)?
-16
Evaluate -433 + 438 + -1 + -4 - -7.
7
13 + (-4 - (11 + -4)) + 0 + 6
8
Calculate (-13 - -1) + 9 + 3 + 1 - -2.
3
What is the value of 12 + 2 + 0 + -12 + -16?
-14
Calculate 10 + (22 - 22) + 22.
32
Calculate 12 + -4 - 11 - (-4 + -4).
5
Evaluate (5 - 0) + 7 + 5 + (-4 - 11).
2
What is the value of 12 - (5 + 6 + -2)?
3
(20 - 1) + (16 - 7 - 11)
17
What is 6 + (-3 - (0 + -8 + 12 - 8))?
7
-3 - (-4 + 8 + (-16 - 2))
11
What is the value of -14 + -4 + (-35 - -59)?
6
What is the value of -21 + -2 + 21 - -14?
12
Calculate (2 - (4 + -9)) + 5.
12
55 + -48 + (22 - 43)
-14
What is -2 + (-3 - (-2 + 7)) + -30 + 28?
-12
21 - (4 + (5 - (10 - (8 - 0))))
14
(5 - 3) + 6 + 17 + -21 + 15
19
Calculate 10 - ((2 - 3) + -6 + -6).
23
(1 + 10 - (-41 + 48)) + -15
-11
Calculate 5 + -9 + 6 + 1.
3
9 + (-7 - -3) + -28 + 29
6
Evaluate -9 + 4 + 4 + 2 + (6 - 4).
3
Evaluate 2 - (-3 + 10 - (8 + 11) - 0).
14
What is the value of 294 + -291 - (-35 - 1) - 9?
30
What is the value of 1 + 18 - (16 - 21 - (-12 + 0))?
12
What is the value of -6 - (8 + 6) - -3 - -6 - 2?
-13
What is 8 + -6 - ((-1 - 0) + 5)?
-2
What is the value of (-26 - -22) + -1 + 15?
10
What is (45 - 25 - 25) + -1 + -8?
-14
What is the value of (-24 - -15) + 22 + -3 + (2 - -16)?
28
Evaluate 6 - (-8 - (16 + -12)).
18
Calculate (89 - 46) + (0 - 9) + -13.
21
What is the value of 10 - (3 - (3 - (6 + -4))) - -13?
21
Calculate 14 - (8 + (-6 - -17)) - -22.
17
Evaluate 5 + (-9 - (14 - (-10 - -18))).
-10
What is the value of (1 - 3) + (3 - 94 - -66)?
-27
What is the value of (-8 - (-4 - -3)) + (-24 - -30) - 20?
-21
What is -8 - -34 - 6 - 34?
-14
What is the value of -11 - (-2 - (-7 - (16 + -36)))?
4
Calculate 19 + 0 - (26 - 12).
5
Evaluate (2 + 1 - -1) + (-25 - 1 - -21).
-1
What is the value of -391 + 379 - (16 - (0 + 1))?
-27
Evaluate 16 + -4 + 19 + -34.
-3
-38 - 3 - (-29 - 4)
-8
What is (6 - 0 - 0 - (84 + -84)) + -8?
-2
Calculate -7 + -9 + 16 + 4 + 17.
21
What is the value of 3 + (0 - 0 - -3) - (1 - 0)?
5
What is -23 - -38 - (1 - -4) - (-8 + 5)?
13
What is (5 - (12 + -6)) + -6 + 3 + -14?
-18
What is 28 + (-18 - ((-28 - -2) + 13))?
23
What is the value of (7 - (14 - 7)) + (3 - -10)?
13
Evaluate (-11 - -3) + (-23 - (5 + -10) - -7).
-19
(-90 - -56) + (-10 - -52)
8
What is the value of -28 + 8 + -16 + 17 + 9?
-10
15 + (26 - 30 - (-1 - -5))
7
7 - 4 - (-22 + 43 + -16)
-2
18 + -31 + (2 - -12)
1
What is the value of -2 + 97 + -100 + -20 + 1 + 2?
-22
What is the value of 2 - (1 + 23 + -11 + -27)?
16
Calculate 3 + (-1 - -1) + -7 - 2.
-6
Calculate -16 + (9 - (20 + -21 - (-8 + -1))).
-15
Evaluate 1 + -6 + -13 + 34.
16
-24 + (2 - -30) + -6
2
Calculate 0 - ((8 - (-1 - 0)) + (-18 - -19)).
-10
13 + -15 + (20 - 24) + 6 + -1
-1
What is the value of 4 - (-1 - -17) - (386 - 393)?
-5
(8 - -3 - 4) + 1 + (11 - 0)
19
Calculate 1 - 4 - 2 - 6 - 0.
-11
Calculate 14 - (20 + -11 + -5).
10
-7 + -1 + 9 + -6 + -5
-10
Evaluate (2 - (1 + 2)) + (-5 + -4 - -14).
4
What is the value of (7 - 5) + (9 - (6 + -6))?
11
Evaluate -4 + 39 + 12 + -23 + 15.
39
What is the value of 8 + 